 + 4*y + 4. Calculate j(k).
7
Let p(r) = 8283*r**3 + 42 - 8284*r**3 + 23 - 12. Determine p(0).
53
Suppose -2*c + 10 = 2*a, -3*a + 5*c = 24 - 39. Let y(s) = -s + 7. Give y(a).
2
Let x(f) = f**3 - 5*f**2 - 6*f - 7. Suppose 5*c - 158 = -4*b, -4*b - b - 5*c = -200. Let y be ((-6)/b - (-22)/7) + 3. Give x(y).
-7
Let t(c) = -2*c - 11. Let y be t(-7). Let a be -1 - (-6 + 9/y). Let p(v) = -5*v + 2. Give p(a).
-8
Let j(i) = 3*i**3 - 2*i**2 - 6*i - 1. Let u(y) = y**3 + y**2 - y. Let m(x) = -j(x) + 2*u(x). What is m(5)?
-4
Let x(t) = -3*t - 11. Let j(i) = -2. Let l(u) = 6*j(u) - x(u). Let g = 2 - 0. Determine l(g).
5
Let k be 76/6*63/(-14). Let u = k + 51. Let q(o) = -o**3 - 6*o**2 - 3*o - 7. What is q(u)?
11
Let z = 3141 + -3138. Let h(a) be the second derivative of a**4/12 - a**3/6 - a**2/2 + a. Calculate h(z).
5
Suppose -i + 0*i - a = 5, 4*a = 3*i - 6. Let s(v) = 3*v**3 + 2*v**2 + 3*v + 2. Give s(i).
-20
Let c be 6/(-21) - (-3 - 4/14). Let h(n) = n**2 - 2*n + 2. Give h(c).
5
Let p(b) = -2*b + b + 3*b**2 - 2 - b. Let l be p(2). Let t(c) = 29*c**2 + 40*c**2 - 12*c - 70*c**2 + 17*c - 8. Give t(l).
-14
Suppose 53*s + 9 = 56*s. Let d(b) = 8*b**3 + 5*b**2 + 9*b**s - 5 + 18*b**3 - 5*b - 34*b**3. What is d(-5)?
20
Let v(p) = 5*p**2 + 0*p - p**3 + p - 4*p. Suppose 21 = 5*y - 3*s, -4*y = -7*y + 4*s + 17. Determine v(y).
9
Let n(g) be the first derivative of g**5/20 - g**4/2 - 16*g - 15. Let w(q) be the first derivative of n(q). Determine w(6).
0
Let u(w) be the second derivative of w**5/20 + w**4/2 + w**3/2 - w**2 - 8*w + 2. What is u(-5)?
8
Let m(t) = -6*t**2 - 2*t + 2. Let y be 8/(-2) + (45 - 39). Calculate m(y).
-26
Let x be ((-6)/2)/3*2. Let k be (6/4)/(x/20). Let n be ((-6)/k)/(3/15). Let v(d) = -d**2 - d - 2. Calculate v(n).
-8
Let t = 142 - 148. Let c(n) be the first derivative of -n**3/3 - 5*n**2 + 3*n + 17. Give c(t).
27
Let p = -189 - -195. Let r(k) = -k**2 + 6*k + 3. Calculate r(p).
3
Let l(n) = 1 - 4 - 6*n + n**3 - 4*n**2 + 4. Suppose -5*y - 5*i - 20 = 0, 38 = 11*y - 7*y - 2*i. Determine l(y).
-4
Let f(n) be the third derivative of n**6/120 + n**4/24 + 50*n**2. Let v be -1 - (-9)/3 - 0. Suppose -8 = -5*c + v. What is f(c)?
10
Let y be (-2)/6*0/11. Let d(n) = n - 13. Calculate d(y).
-13
Suppose y = 2*y - 2. Let p(n) = -2*n**y + 2 + 4*n**2 + 7*n - n**2. Let c = -124 + 118. Calculate p(c).
-4
Let l(n) = n**3 - 22*n**2 + 22*n - 12. Let b be l(21). Let z(g) = 2*g - 17 - 10*g**2 + b*g - 5 + 11 + g**3. Determine z(9).
7
Let d(p) = -16*p - 7. Let w(n) = 2*n**2 - 30*n + 83. Let r be w(4). Calculate d(r).
73
Let r = -136 + 201. Suppose -3 = -4*i + r. Let j(q) = 9*q + 6*q - i*q. Determine j(-1).
2
Let j(x) be the third derivative of -x**5/40 - 7*x**4/24 + 2*x**3 + 27*x**2. Let r(f) be the first derivative of j(f). What is r(-5)?
8
Let s(a) = -2*a**2 - 5*a + 2. Let x be 7/(42/(-30)) + 2. Calculate s(x).
-1
Let g(r) = 4*r + 2. Let h be (11/3 + -2)*3. Suppose 5*k - 2*f - 22 = -4*f, f - 21 = -h*k. Suppose k*y + 4*z = 16, 0*z + 5*z - 18 = -4*y. Give g(y).
10
Let t(a) be the second derivative of -a**6/720 + a**5/60 - a**4/4 - 18*a. Let f(g) be the third derivative of t(g). Suppose x - 4 = 3*x. Determine f(x).
4
Let l(q) = 1 - 137*q - 11*q**2 + 289*q - 146*q + 2*q**3. What is l(5)?
6
Let p(w) = 3*w. Let q(a) = 8*a - 5. Let s(k) = -2*p(k) + q(k). Determine s(5).
5
Suppose 2*a - 3*j + 7 = 0, 0*j + 24 = a + 4*j. Let l(r) be the second derivative of -1/6*r**a + r**2 + 0 + 12*r + 1/6*r**3. What is l(-2)?
-8
Let y be ((-68)/(-20) - 4)/(1/(-5)). Let d(h) = 6*h. Give d(y).
18
Let p(m) = m**2 + 6*m + 5. Suppose 5 + 4 = 3*o. Let q be (-11)/2 - o/6. Determine p(q).
5
Let n be 4/6 - (-8)/(-3). Let i(k) = -k**3 + 6*k + 1. Let b(c) = -2*c. Let p(l) = -2*b(l) - i(l). Determine p(n).
-5
Let v(k) = 18*k - 3. Let s be v(0). Let d(r) be the first derivative of 2*r**3/3 + 5*r**2/2 + 4*r + 1. What is d(s)?
7
Let i(u) = u**3 - 8*u**2 - u + 11. Suppose 4 + 4 = 2*a. Let o be (-250)/9 + a/(-18). Let j be (-14)/o - 15/(-2). What is i(j)?
3
Let i(j) = -29*j + 8. Let b(l) = 10*l - 3. Let g(q) = -8*b(q) - 3*i(q). Determine g(4).
28
Let z(j) = -4*j - 2. Let y = -35 - -35. Suppose -4*h - 16 = y, 7 = 3*p - 5*h - 22. Give z(p).
-14
Let y(c) = 4*c - 1. Let s = -26 - -41. Let l(h) = -h**2 + 10*h - 5. Let v be l(7). Let k = s - v. What is y(k)?
-5
Let z(b) be the second derivative of 1/2*b**2 - 7/6*b**3 + 1/12*b**4 - 33*b + 0. Determine z(6).
-5
Let g(o) = -o**2 - 4*o + 8. Let w be g(-6). Let f(q) = -2*q + 11. Let x(p) = 4*p - 19. Let l(z) = -7*f(z) - 4*x(z). Calculate l(w).
7
Let r(k) = -3*k**2 - 2*k. Let h be r(-2). Let i(x) = x**2 + 8*x + 6. Let a be i(h). Let w = -7 + a. Let n(l) = l**3. Determine n(w).
-1
Let y(k) = 3*k + 6. Let r = -2836 + 2839. Determine y(r).
15
Let f be (180/(-315))/(4/14). Let k(c) = c**3 + 3*c**2 + 3*c + 3. Give k(f).
1
Let b(o) = 9*o**2 + 11*o + 11. Let y(f) = -4*f**2 - 5*f - 6. Let c(k) = 3*b(k) + 7*y(k). Let q(w) be the first derivative of c(w). What is q(4)?
-10
Let k(r) = r**3 + 6*r**2 + 3*r + 9. Let f be (21/14)/((-5)/20). Give k(f).
-9
Let u be (-12)/(-10)*(-7 + 87/6). Let n(g) = g. Let a(f) = -f**2 + 3*f - 8. Let i(k) = -a(k) - 5*n(k). Calculate i(u).
17
Let p(u) = -2*u**2 - 2*u - 2. Suppose 0 = 2*w + 4*a + 10, 2*w + 3*w - 19 = a. Let v = -5 + w. Give p(v).
-6
Let k be ((-21)/(-84))/(2/32). Let m(j) = j**3 - 5*j**2 - 4*j + 5. Calculate m(k).
-27
Let n(c) be the first derivative of c**4/4 + 8*c**3/3 + 11*c**2/2 + 25*c - 100. Calculate n(-7).
-3
Let o(f) = f**2 - 4*f - 3 - 5 + 21 - 12. Determine o(7).
22
Let d(t) be the first derivative of -3*t**2/2 + 2*t + 20. Let k(z) = 13*z - 8. Let g(q) = 9*d(q) + 2*k(q). What is g(-4)?
6
Let a(k) be the first derivative of k**4/4 - 5*k**3/3 - 5*k**2/2 - 8*k - 1. Let i be ((-144)/468)/((-4)/78). Give a(i).
-2
Suppose 5*k + 7 = 3*z, 5*z + k - 6*k + 5 = 0. Let x(c) = 5*c + 3. Let n = -10 - -7. Let y(d) = -4*d - 4. Let j(l) = n*x(l) - 4*y(l). Calculate j(z).
1
Let d(i) = -i**3 + 5*i**2 - 6*i + 6. Suppose 6*w = 27 - 3. Determine d(w).
-2
Let y(a) = -a**2 - 2*a. Suppose -4*g + 2*q = 0, -3*q = q - 16. Let r(n) = -n**3 + 13*n**2 + 14*n + 10. Let j be r(14). Suppose -3*z - g*z = -j. Calculate y(z).
-8
Let w(h) = 12*h. Let u be 1 + -2*2*(-4)/16. What is w(u)?
24
Let p(m) be the third derivative of -m**6/120 + m**5/12 + 5*m**4/24 - 5*m**3/6 + 252*m**2 - 2. Calculate p(6).
-11
Suppose 0 = 3*f + 4*y - 5 - 14, 0 = -4*f - 3*y + 23. Suppose -x = -f*x + 16. Let s(n) = 6 + n + x*n - 8*n. What is s(4)?
-6
Let x(l) be the first derivative of l**2/2 - 8*l + 142. Let k be 0 + 0*(-4)/(-12). Determine x(k).
-8
Let z(c) = -c**3 - 5*c**2 - 7*c - 3. Suppose 11*y + 60 = 16. Give z(y).
9
Let s(t) = t**2 - t - 2. Let o be s(3). Let q(z) = -o*z - z + 4*z. Suppose 41*w - 50*w - 54 = 0. Give q(w).
6
Let p(l) = 5*l**3 + l - 1. Let b(i) = -5*i + 29. Let w be b(5). Let d(r) be the first derivative of -r**3/3 + 3*r**2/2 + 5*r + 1. Let f be d(w). Give p(f).
5
Let u(k) = 2*k + 2. Suppose -2*z + 73 = 5*l, -4*l = 5*z - 119 - 55. Suppose 8 + z = 7*f. Calculate u(f).
14
Let o be 8 + (-6)/((-21)/7). Let p(h) = -h + 6. Determine p(o).
-4
Let u(t) be the third derivative of t**6/60 + t**5/15 + t**4/12 - t**3/3 - 6*t**2. Let f = -11 - -9. Determine u(f).
-6
Let t(h) = -13*h + 521. Let b be t(40). Let r(z) = 6*z + 4. Let w(m) = 6 + 6*m - 4 + 1. Let u(g) = -2*r(g) + 3*w(g). Give u(b).
7
Let k(l) = 4*l + 63. Let x be k(-18). Let w be x + 13 - (-24)/(-2). Let y(z) = -z + 4. What is y(w)?
12
Let d be (-3)/((2/(-3))/(28/(-18))). Let f(t) = t + 15. What is f(d)?
8
Let m(w) = -w**2 - 13*w - 10. Let f = -851 - -843. What is m(f)?
30
Let i(s) = 20*s + s**2 - 4 - 16*s + 3. Let q(r) = 48*r - 101. Let m be q(2). Calculate i(m).
4
Let q = 429 - 436. Let p(k) = -k**2 - 2*k + 6. Give p(q).
-29
Suppose 0 = -10*w + 7*w + 12. Let a be 32/40*(-30)/w. Let f(p) = -p + 8. Give f(a).
14
Let i(n) = 3*n - 21*n + 1 + 3*n + 13*n. What is i(1)?
-1
Let p = -17 - -17. Suppose m + 11 = -p*m. Let c(a) = -a**2 - 9*a + 16. Give c(m).
-6
Let a(b) = -1 - 13*b - 11*b - 2 + 25*b. Calculate a(-6).
-9
Let k(d) = d**3 + 6*d**2 - 10*d + 3. Let t be k(-7). Let h(z) = -24*z + t*z + 1 - 21*z**2 + 2*z**2. Determine h(-1).
-18
Suppose 0 = 8*n - 5*n. Let l(v) = -3*v**3 - v**3 + n*v + v**2 - 1 + v + 3*v**3. Let t(c) = 4*